Last updated on 2025-05-02 03:51:02 CEST.
Flavor | Version | Tinstall | Tcheck | Ttotal | Status | Flags |
---|---|---|---|---|---|---|
r-devel-linux-x86_64-debian-clang | 1.0.0 | 5.18 | 82.32 | 87.50 | NOTE | |
r-devel-linux-x86_64-debian-gcc | 1.0.0 | 3.24 | 56.98 | 60.22 | OK | |
r-devel-linux-x86_64-fedora-clang | 1.0.0 | 138.59 | OK | |||
r-devel-linux-x86_64-fedora-gcc | 1.0.0 | 136.26 | OK | |||
r-devel-windows-x86_64 | 1.0.0 | 7.00 | 93.00 | 100.00 | OK | |
r-patched-linux-x86_64 | 1.0.0 | 3.99 | 77.57 | 81.56 | OK | |
r-release-linux-x86_64 | OK | |||||
r-release-macos-arm64 | 1.0.0 | 44.00 | OK | |||
r-release-macos-x86_64 | 1.0.0 | 88.00 | OK | |||
r-release-windows-x86_64 | 1.0.0 | 6.00 | 93.00 | 99.00 | OK | |
r-oldrel-macos-arm64 | 1.0.0 | 43.00 | OK | |||
r-oldrel-macos-x86_64 | 1.0.0 | 78.00 | OK | |||
r-oldrel-windows-x86_64 | 1.0.0 | 8.00 | 114.00 | 122.00 | OK |
Version: 1.0.0
Check: examples
Result: NOTE
Examples with CPU (user + system) or elapsed time > 5s
user system elapsed
ASpredict.as_train 8.026 0.304 10.672
boxplots.as_data 7.391 0.067 10.129
figure_comparison.as_data 7.143 0.032 9.214
ranking.as_data 5.371 0.013 6.433
KPI_table 4.865 0.058 6.891
KPI_summary_table 4.750 0.072 6.094
AStrain.as_data 4.357 0.028 5.388
Flavor: r-devel-linux-x86_64-debian-clang