Last updated on 2025-05-05 03:50:14 CEST.
Flavor | Version | Tinstall | Tcheck | Ttotal | Status | Flags |
---|---|---|---|---|---|---|
r-devel-linux-x86_64-debian-clang | 0.1.1 | 1.89 | 19.02 | 20.91 | NOTE | |
r-devel-linux-x86_64-debian-gcc | 0.1.1 | 1.65 | 15.44 | 17.09 | NOTE | |
r-devel-linux-x86_64-fedora-clang | 0.1.1 | 33.12 | OK | |||
r-devel-linux-x86_64-fedora-gcc | 0.1.1 | 31.23 | OK | |||
r-devel-windows-x86_64 | 0.1.1 | 4.00 | 40.00 | 44.00 | OK | |
r-patched-linux-x86_64 | 0.1.1 | 2.11 | 18.37 | 20.48 | OK | |
r-release-linux-x86_64 | 0.1.1 | 1.85 | 18.33 | 20.18 | OK | |
r-release-macos-arm64 | 0.1.1 | 18.00 | OK | |||
r-release-macos-x86_64 | 0.1.1 | 25.00 | OK | |||
r-release-windows-x86_64 | 0.1.1 | 3.00 | 41.00 | 44.00 | OK | |
r-oldrel-macos-arm64 | 0.1.1 | 15.00 | OK | |||
r-oldrel-macos-x86_64 | 0.1.1 | 22.00 | OK | |||
r-oldrel-windows-x86_64 | 0.1.1 | 3.00 | 44.00 | 47.00 | OK |
Version: 0.1.1
Check: CRAN incoming feasibility
Result: NOTE
Maintainer: ‘Eisuke Inoue <eisuke.inoue@marianna-u.ac.jp>’
No Authors@R field in DESCRIPTION.
Please add one, modifying
Authors@R: c(person(given = "Eisuke",
family = "Inoue",
role = c("aut", "cre"),
email = "eisuke.inoue@marianna-u.ac.jp"),
person(given = "Hajime",
family = "Uno",
role = "aut"))
as necessary.
Flavors: r-devel-linux-x86_64-debian-clang, r-devel-linux-x86_64-debian-gcc