Last updated on 2025-11-02 02:50:39 CET.
| Flavor | Version | Tinstall | Tcheck | Ttotal | Status | Flags |
|---|---|---|---|---|---|---|
| r-devel-linux-x86_64-debian-clang | 0.20.0 | 1.62 | 24.95 | 26.57 | OK | |
| r-devel-linux-x86_64-debian-gcc | 0.20.0 | 1.47 | 19.25 | 20.72 | OK | |
| r-devel-linux-x86_64-fedora-clang | 0.20.0 | 40.32 | OK | |||
| r-devel-linux-x86_64-fedora-gcc | 0.20.0 | 54.02 | OK | |||
| r-devel-windows-x86_64 | 0.20.0 | 3.00 | 58.00 | 61.00 | OK | |
| r-patched-linux-x86_64 | 0.20.0 | 2.03 | 23.32 | 25.35 | OK | |
| r-release-linux-x86_64 | 0.20.0 | 1.98 | 22.26 | 24.24 | OK | |
| r-release-macos-arm64 | 0.20.0 | 2.00 | 31.00 | 33.00 | OK | |
| r-release-macos-x86_64 | 0.20.0 | 2.00 | 33.00 | 35.00 | OK | |
| r-release-windows-x86_64 | 0.20.0 | 5.00 | 54.00 | 59.00 | OK | |
| r-oldrel-macos-arm64 | 0.20.0 | 1.00 | 21.00 | 22.00 | NOTE | |
| r-oldrel-macos-x86_64 | 0.20.0 | 2.00 | 30.00 | 32.00 | NOTE | |
| r-oldrel-windows-x86_64 | 0.20.0 | 5.00 | 48.00 | 53.00 | NOTE |
Version: 0.20.0
Check: LazyData
Result: NOTE
'LazyData' is specified without a 'data' directory
Flavors: r-oldrel-macos-arm64, r-oldrel-macos-x86_64, r-oldrel-windows-x86_64