Last updated on 2025-05-02 03:51:02 CEST.
Flavor | Version | Tinstall | Tcheck | Ttotal | Status | Flags |
---|---|---|---|---|---|---|
r-devel-linux-x86_64-debian-clang | 2.0 | 9.37 | 69.25 | 78.62 | NOTE | |
r-devel-linux-x86_64-debian-gcc | 2.0 | 6.12 | 48.43 | 54.55 | NOTE | |
r-devel-linux-x86_64-fedora-clang | 2.0 | 120.21 | OK | |||
r-devel-linux-x86_64-fedora-gcc | 2.0 | 117.27 | OK | |||
r-devel-windows-x86_64 | 2.0 | 9.00 | 85.00 | 94.00 | OK | |
r-patched-linux-x86_64 | 2.0 | 9.07 | 66.40 | 75.47 | OK | |
r-release-linux-x86_64 | OK | |||||
r-release-macos-arm64 | 2.0 | 51.00 | OK | |||
r-release-macos-x86_64 | 2.0 | 63.00 | OK | |||
r-release-windows-x86_64 | 2.0 | 10.00 | 89.00 | 99.00 | OK | |
r-oldrel-macos-arm64 | 2.0 | 35.00 | OK | |||
r-oldrel-macos-x86_64 | 2.0 | 56.00 | OK | |||
r-oldrel-windows-x86_64 | 2.0 | 12.00 | 101.00 | 113.00 | OK |
Version: 2.0
Check: CRAN incoming feasibility
Result: NOTE
Maintainer: ‘Yili Hong <yilihong@vt.edu>’
No Authors@R field in DESCRIPTION.
Please add one, modifying
Authors@R: c(person(given = "Yili",
family = "Hong",
role = c("aut", "cre"),
email = "yilihong@vt.edu"),
person(given = "Yimeng",
family = "Xie",
role = "aut"),
person(given = "Zhongnan",
family = "Jin",
role = "aut"),
person(given = "Caleb",
family = "King",
role = "aut"))
as necessary.
Flavors: r-devel-linux-x86_64-debian-clang, r-devel-linux-x86_64-debian-gcc