CRAN Package Check Results for Package ADCT

Last updated on 2025-07-12 03:48:22 CEST.

Flavor Version Tinstall Tcheck Ttotal Status Flags
r-devel-linux-x86_64-debian-clang 0.1.0 1.78 23.40 25.18 NOTE
r-devel-linux-x86_64-debian-gcc 0.1.0 1.42 16.88 18.30 NOTE
r-devel-linux-x86_64-fedora-clang 0.1.0 41.87 OK
r-devel-linux-x86_64-fedora-gcc 0.1.0 37.29 OK
r-devel-windows-x86_64 0.1.0 4.00 44.00 48.00 OK
r-patched-linux-x86_64 0.1.0 1.80 21.81 23.61 OK
r-release-linux-x86_64 0.1.0 1.61 22.00 23.61 OK
r-release-macos-arm64 0.1.0 18.00 OK
r-release-macos-x86_64 0.1.0 29.00 OK
r-release-windows-x86_64 0.1.0 3.00 42.00 45.00 OK
r-oldrel-macos-arm64 0.1.0 22.00 NOTE
r-oldrel-macos-x86_64 0.1.0 24.00 NOTE
r-oldrel-windows-x86_64 0.1.0 4.00 49.00 53.00 NOTE

Check Details

Version: 0.1.0
Check: CRAN incoming feasibility
Result: NOTE Maintainer: ‘Yalin Zhu <yalin.zhu@outlook.com>’ No Authors@R field in DESCRIPTION. Please add one, modifying Authors@R: person(given = "Yalin", family = "Zhu", role = c("aut", "cre"), email = "yalin.zhu@outlook.com") as necessary. Flavors: r-devel-linux-x86_64-debian-clang, r-devel-linux-x86_64-debian-gcc

Version: 0.1.0
Check: LazyData
Result: NOTE 'LazyData' is specified without a 'data' directory Flavors: r-oldrel-macos-arm64, r-oldrel-macos-x86_64, r-oldrel-windows-x86_64