Last updated on 2025-05-02 03:51:01 CEST.
Flavor | Version | Tinstall | Tcheck | Ttotal | Status | Flags |
---|---|---|---|---|---|---|
r-devel-linux-x86_64-debian-clang | 1.0.22 | 4.34 | 67.84 | 72.18 | NOTE | |
r-devel-linux-x86_64-debian-gcc | 1.0.22 | 3.79 | 46.36 | 50.15 | NOTE | |
r-devel-linux-x86_64-fedora-clang | 1.0.22 | 125.28 | NOTE | |||
r-devel-linux-x86_64-fedora-gcc | 1.0.22 | 125.38 | NOTE | |||
r-devel-windows-x86_64 | 1.0.22 | 7.00 | 91.00 | 98.00 | NOTE | |
r-patched-linux-x86_64 | 1.0.22 | 5.91 | 64.84 | 70.75 | NOTE | |
r-release-linux-x86_64 | NOTE | |||||
r-release-macos-arm64 | 1.0.22 | 54.00 | NOTE | |||
r-release-macos-x86_64 | 1.0.22 | 84.00 | NOTE | |||
r-release-windows-x86_64 | 1.0.22 | 7.00 | 97.00 | 104.00 | NOTE | |
r-oldrel-macos-arm64 | 1.0.22 | 46.00 | NOTE | |||
r-oldrel-macos-x86_64 | 1.0.22 | 62.00 | NOTE | |||
r-oldrel-windows-x86_64 | 1.0.22 | 7.00 | 112.00 | 119.00 | NOTE |
Version: 1.0.22
Check: CRAN incoming feasibility
Result: NOTE
Maintainer: ‘Samuel A Danziger <sam.danziger@gmail.com>’
No Authors@R field in DESCRIPTION.
Please add one, modifying
Authors@R: person(given = c("Samuel", "A"),
family = "Danziger",
role = c("aut", "cre"),
email = "sam.danziger@gmail.com")
as necessary.
Flavors: r-devel-linux-x86_64-debian-clang, r-devel-linux-x86_64-debian-gcc
Version: 1.0.22
Check: Rd files
Result: NOTE
checkRd: (-1) SVMDECON.Rd:23: Lost braces; missing escapes or markup?
23 | and the best result from three values of v = {0.25, 0.5, 0.75}
| ^
Flavors: r-devel-linux-x86_64-debian-clang, r-devel-linux-x86_64-debian-gcc, r-devel-linux-x86_64-fedora-clang, r-devel-linux-x86_64-fedora-gcc, r-devel-windows-x86_64, r-patched-linux-x86_64, r-release-linux-x86_64, r-release-macos-arm64, r-release-macos-x86_64, r-release-windows-x86_64, r-oldrel-macos-arm64, r-oldrel-macos-x86_64, r-oldrel-windows-x86_64
Version: 1.0.22
Check: examples
Result: NOTE
Examples with CPU (user + system) or elapsed time > 5s
user system elapsed
AugmentSigMatrix 4.19 0.022 5.44
Flavor: r-devel-linux-x86_64-debian-clang
Version: 1.0.22
Check: installed package size
Result: NOTE
installed size is 7.5Mb
sub-directories of 1Mb or more:
doc 7.1Mb
Flavors: r-oldrel-macos-arm64, r-oldrel-macos-x86_64, r-oldrel-windows-x86_64