Last updated on 2025-10-30 02:48:56 CET.
| Flavor | Version | Tinstall | Tcheck | Ttotal | Status | Flags | 
|---|---|---|---|---|---|---|
| r-devel-linux-x86_64-debian-clang | 1.0.22 | 4.63 | 70.75 | 75.38 | NOTE | |
| r-devel-linux-x86_64-debian-gcc | 1.0.22 | 2.99 | 47.00 | 49.99 | NOTE | |
| r-devel-linux-x86_64-fedora-clang | 1.0.22 | 117.42 | NOTE | |||
| r-devel-linux-x86_64-fedora-gcc | 1.0.22 | 136.98 | NOTE | |||
| r-devel-windows-x86_64 | 1.0.22 | 7.00 | 105.00 | 112.00 | NOTE | |
| r-patched-linux-x86_64 | 1.0.22 | 4.51 | 66.61 | 71.12 | NOTE | |
| r-release-linux-x86_64 | 1.0.22 | 4.32 | 66.39 | 70.71 | NOTE | |
| r-release-macos-arm64 | 1.0.22 | 2.00 | 52.00 | 54.00 | NOTE | |
| r-release-macos-x86_64 | 1.0.22 | 4.00 | 80.00 | 84.00 | NOTE | |
| r-release-windows-x86_64 | 1.0.22 | 8.00 | 90.00 | 98.00 | NOTE | |
| r-oldrel-macos-arm64 | 1.0.22 | 2.00 | 44.00 | 46.00 | NOTE | |
| r-oldrel-macos-x86_64 | 1.0.22 | 3.00 | 59.00 | 62.00 | NOTE | |
| r-oldrel-windows-x86_64 | 1.0.22 | 9.00 | 116.00 | 125.00 | NOTE | 
Version: 1.0.22
Check: CRAN incoming feasibility
Result: NOTE
  Maintainer: ‘Samuel A Danziger <sam.danziger@gmail.com>’
  
  No Authors@R field in DESCRIPTION.
  Please add one, modifying
    Authors@R: person(given = c("Samuel", "A"),
                      family = "Danziger",
                      role = c("aut", "cre"),
                      email = "sam.danziger@gmail.com")
  as necessary.
Flavors: r-devel-linux-x86_64-debian-clang, r-devel-linux-x86_64-debian-gcc
Version: 1.0.22
Check: Rd files
Result: NOTE
  checkRd: (-1) SVMDECON.Rd:23: Lost braces; missing escapes or markup?
      23 | and the best result from three values of v = {0.25, 0.5, 0.75}
         |                                              ^
Flavors: r-devel-linux-x86_64-debian-clang, r-devel-linux-x86_64-debian-gcc, r-devel-linux-x86_64-fedora-clang, r-devel-linux-x86_64-fedora-gcc, r-devel-windows-x86_64, r-patched-linux-x86_64, r-release-linux-x86_64, r-release-macos-arm64, r-release-macos-x86_64, r-release-windows-x86_64, r-oldrel-macos-arm64, r-oldrel-macos-x86_64, r-oldrel-windows-x86_64
Version: 1.0.22
Check: installed package size
Result: NOTE
    installed size is  7.5Mb
    sub-directories of 1Mb or more:
      doc   7.1Mb
Flavors: r-oldrel-macos-arm64, r-oldrel-macos-x86_64, r-oldrel-windows-x86_64