Last updated on 2025-11-15 03:50:01 CET.
| Flavor | Version | Tinstall | Tcheck | Ttotal | Status | Flags |
|---|---|---|---|---|---|---|
| r-devel-linux-x86_64-debian-clang | 1.0.1 | 5.00 | 71.27 | 76.27 | OK | |
| r-devel-linux-x86_64-debian-gcc | 1.0.1 | 3.78 | 51.51 | 55.29 | OK | |
| r-devel-linux-x86_64-fedora-clang | 1.0.1 | 12.00 | 104.39 | 116.39 | OK | |
| r-devel-linux-x86_64-fedora-gcc | 1.0.1 | 125.54 | OK | |||
| r-devel-windows-x86_64 | 1.0.1 | 10.00 | 107.00 | 117.00 | OK | |
| r-patched-linux-x86_64 | 1.0.1 | 4.58 | 66.22 | 70.80 | OK | |
| r-release-linux-x86_64 | 1.0.1 | 5.04 | 67.05 | 72.09 | OK | |
| r-release-macos-arm64 | 1.0.1 | 2.00 | 34.00 | 36.00 | OK | |
| r-release-macos-x86_64 | 1.0.1 | 4.00 | 70.00 | 74.00 | OK | |
| r-release-windows-x86_64 | 1.0.1 | 7.00 | 81.00 | 88.00 | OK | |
| r-oldrel-macos-arm64 | 1.0.1 | 2.00 | 34.00 | 36.00 | NOTE | |
| r-oldrel-macos-x86_64 | 1.0.1 | 5.00 | 51.00 | 56.00 | NOTE | |
| r-oldrel-windows-x86_64 | 1.0.1 | 10.00 | 102.00 | 112.00 | NOTE |
Version: 1.0.1
Check: LazyData
Result: NOTE
'LazyData' is specified without a 'data' directory
Flavors: r-oldrel-macos-arm64, r-oldrel-macos-x86_64, r-oldrel-windows-x86_64